e the prime factors of q?
2, 41
Suppose 2*o - c - 2235 = -0*o, -1116 = -o - c. What are the prime factors of o?
1117
Let y = -920 - -1462. What are the prime factors of y?
2, 271
Let w(a) = -a**3 + 7*a**2 - 3*a - 13. Let i be w(6). Suppose 0 = 4*d + 4, 0 = -5*u + 2*u + i*d + 131. List the prime factors of u.
2, 3, 7
Let o = 854 - -640. List the prime factors of o.
2, 3, 83
Let x = 205 - -252. Suppose x = 4*z + 105. List the prime factors of z.
2, 11
Suppose -3*t + 102 = 36. Let m = t - 19. Suppose -4*l = m*a - 45, 2*a + l = 5*l + 10. What are the prime factors of a?
11
Let f(s) = -8*s - 7. Suppose 2*r - 48 = -0*r. Suppose r = -7*p + 3*p. List the prime factors of f(p).
41
What are the prime factors of (2 - 9)/(-21)*11721?
3907
Suppose 3*x - 18 = -0*x + 4*r, -2*x - 5*r - 11 = 0. Suppose x*z + 2*z = 540. Suppose -2*d + 2*a + 37 + 37 = 0, 0 = 3*d + 5*a - z. List the prime factors of d.
2, 5
Suppose -4*w + 5*w = 2. Suppose -2*y - w*y = p - 89, 3*p - 288 = -5*y. Suppose 3*n - 59 = 4*h, h + 35 = -4*n + p. What are the prime factors of n?
17
Let m(z) = 6*z**2 - 9*z - 7. What are the prime factors of m(5)?
2, 7
Let w be 5 - (-3 + (-10)/(-2)). Suppose -w*x + 3*g + g + 548 = 0, -3*x = -3*g - 546. What are the prime factors of x?
2, 3, 5
Suppose 41 = 2*a - 49. Let j = a - -7. Let f = -21 + j. List the prime factors of f.
31
Let y = 92 + -107. List the prime factors of (-20)/(-2)*((-87)/y + 5).
2, 3
Let v(j) = -j**2 - 4*j + 12. Let z be v(-6). List the prime factors of 30 - (3 + -2 + z).
29
Suppose -5*o = -2*b - 2116, 0 = b + b - 4. List the prime factors of o.
2, 53
Let k be (-5 + -5)*(-1 - 5). What are the prime factors of 3292/k + 4/30?
5, 11
Suppose h - 2*h + 44 = 0. Suppose 34 = d - h. List the prime factors of d.
2, 3, 13
Suppose 2*j = 4*b - 2*b + 2520, 5*b = -2*j + 2534. What are the prime factors of j?
2, 631
Suppose -33 = 25*f - 22*f. Let j(n) = -n - 9. Let o be j(f). What are the prime factors of o/8 + 215/4?
2, 3
Suppose 4*v = 4*t + 16, 4*t + 16 = 9*t + 4*v. Suppose -3*m = 5*r - 1358, 4*r - 3*m - 1108 = -t*m. What are the prime factors of r?
2, 137
Let b(j) = j**2 - 3*j + 5. Let v be b(3). Suppose v*u = 3*u + 52. Suppose a = -0*a + u. What are the prime factors of a?
2, 13
List the prime factors of 0 + (-9539)/(-8) - (-9)/(-24).
2, 149
Let o = -15 - -336. Suppose -2*x - 27 = -o. List the prime factors of x.
3, 7
Suppose -4*u = 4*i - 5*u - 220, u = -5*i + 275. Suppose 0 = 5*f - 20 - i. What are the prime factors of f?
3, 5
Suppose 0 = g + 5*v - 760, -44*g + 49*g - 4*v - 3945 = 0. What are the prime factors of g?
5, 157
List the prime factors of (-42)/(-28) + 2666/4.
2, 167
Let y be (-48)/(-9) - 2/6. Let i be y/(3/12 + 0). What are the prime factors of (-1 - i)*(2 - 3)?
3, 7
Let k(u) = 6*u - 41. Let x(d) = 2*d**2 + 4*d + 1. Let b be x(-4). List the prime factors of k(b).
61
Let t(i) = 2*i - 8. Let o be t(5). Suppose -u - o*u + 52 = -r, -5*u - 5*r + 60 = 0. What are the prime factors of u?
2
Let x(t) be the third derivative of 0 + 1/120*t**6 - 3*t**2 + 13/3*t**3 + 0*t - 1/5*t**5 + 7/12*t**4. List the prime factors of x(11).
59
Let g(q) = -14*q + 156. List the prime factors of g(-19).
2, 211
Let j be (-3)/(-2)*(-1104)/(-36). Let q = j - 30. List the prime factors of q.
2
Let m(t) = t**2 - 9*t + 11. Let x be m(8). What are the prime factors of (146/(-6))/(x/(-9))?
73
What are the prime factors of ((-229460)/(-10))/11 - 6?
2, 5, 13
Let f(k) = -57*k. Let a be f(-6). Let o = -61 + a. What are the prime factors of o?
281
Suppose -5*l + 0*m = -4*m - 334, l - 82 = -3*m. Suppose 0 = 79*i - l*i - 1080. What are the prime factors of i?
2, 3, 5
What are the prime factors of (0 - 6)*(-15920)/20?
2, 3, 199
Let n = -38 + 44. Suppose -n*p = -493 - 719. List the prime factors of p.
2, 101
Let p = 129 + -8. What are the prime factors of p?
11
Let i(d) = d**2 - d - 2. Let u(v) = -2*v**2 + 7*v**2 - 9 + v - v**3 + 7*v. Let m be u(6). List the prime factors of i(m).
2
Let h(j) = 30*j**2 - 1. Let o be ((-4)/(-6))/(10/45). Suppose -4*q = -q + 4*a - 1, 6 = -3*q + o*a. What are the prime factors of h(q)?
29
Let g(d) = 10*d**2 - 26*d - 126. List the prime factors of g(-7).
2, 3, 7, 13
Suppose 0 = -3*k + 78 - 9. Let f = -1 - 1. Let z = f + k. List the prime factors of z.
3, 7
Suppose 5*z + 0*j - 4*j = -5, -4*z - 2*j + 22 = 0. Suppose 15 = z*r, -2*r - 10 = -4*f - 0*r. Let h = 1 + f. What are the prime factors of h?
2, 3
Let u(i) = -i**2 - 2*i - 1. Let b be u(0). Let k = b + 5. What are the prime factors of (k - -1)*27/5?
3
Let p(n) = 4*n**2 + 44*n + 399. List the prime factors of p(-36).
3, 31, 43
Let p = -8 - -8. Suppose p = -5*i, 4*v = 2*v - 2*i + 358. What are the prime factors of v?
179
Let o be 8*(-2 + -2)/(-8). Suppose o*c - 19 = -f, 5*c + f = 13 + 10. Suppose -c*j + 205 = j. List the prime factors of j.
41
Let r be 86/(-2) + 4 - 3. What are the prime factors of (18/7)/(117/r + 3)?
2, 3
Suppose 0*c + 24 = 2*c. Let a(l) = 6*l + 29. List the prime factors of a(c).
101
Let i be 0/(-3*(-6)/(-9)). Let t be i + 3 + (-3)/1. Suppose -5*s = 2*n - 110, t*s + 3*n + 87 = 3*s. List the prime factors of s.
2, 3
Let h = -48 + 58. Let o(r) = 6*r + 59. What are the prime factors of o(h)?
7, 17
Let n be 0 + 1 + 1 + 3. Suppose -n*a + 2*m = 91, m = -6*a + 2*a - 65. Let d = -8 - a. List the prime factors of d.
3
Suppose 3*c + 68 = -7. Let j = 14 + -20. Let w = j - c. What are the prime factors of w?
19
Let t = 8 - 7. Let v(l) = 3*l**3 + l - 1. Let r be v(t). What are the prime factors of 24/r*(-20)/(-8)?
2, 5
Let d(z) = -z**2 + 2*z + 44. Let n be d(0). Suppose -r + n = r. List the prime factors of r.
2, 11
Suppose 4*f + 4*x - 3521 = -293, -3*f = 4*x - 2421. List the prime factors of f.
3, 269
Let a = 99 + 26. Let d = a + -72. What are the prime factors of d?
53
Let a(i) = -3*i**2 + i + 24. Let x(j) = 9*j**2 - 4*j - 73. Let z(q) = -7*a(q) - 2*x(q). What are the prime factors of z(6)?
2, 23
Let h = 168 + -156. Suppose -9 = 3*j - 0*j. List the prime factors of 104/h - (-2)/j.
2
Let i be (-2)/(3 - 483/159). Let b = 86 - i. Suppose 0 = -2*x + b + 55. What are the prime factors of x?
2, 11
Let b(j) be the third derivative of j**6/120 + j**5/5 + 19*j**4/24 - j**3/2 - 8*j**2. What are the prime factors of b(-8)?
101
Let y(j) = -j**2 + 4 - 2*j - 3 + 2 - 3*j. Let q be y(-3). Suppose -4*i - q + 53 = 0. List the prime factors of i.
11
Suppose -u = 4*a - 256, 3*a + 5*u + 106 = 5*a. List the prime factors of 14/a + 277/9.
31
What are the prime factors of (10/(-5))/(6/(-2964))?
2, 13, 19
Let x be ((-12)/9)/4*-57. Suppose -5*b + x = 2*i - 4*i, -27 = -3*b - 4*i. What are the prime factors of b?
5
Suppose -1 = 4*d + 7. Let j be (d - 1)*90/(-6). Suppose 4*g = j + 55. List the prime factors of g.
5
What are the prime factors of 3*423 + (-64)/(-8)?
1277
Let x be 5/((-1 + (-3)/(-4))*2). Let r(i) = -7*i**2 - 13*i - 6. Let z(c) = 6*c**2 + 12*c + 5. Let h(u) = 5*r(u) + 6*z(u). What are the prime factors of h(x)?
2, 3, 5
Suppose -8*m + 463 + 3305 = 0. What are the prime factors of m?
3, 157
Suppose -2*h + 4 = -2*c, -8 = -3*h + 6*c - 4*c. Let m be (0 - h/12)*-30. List the prime factors of 30/7 - m/35.
2
Let v(d) = 34*d**2 + 6*d - 13. List the prime factors of v(2).
3, 5
Let l(t) = 41*t - 42. Let a be l(1). Suppose 3*n = -5 - 1. What are the prime factors of 4 + a + n/(-1)?
5
Let m = 465 - 101. What are the prime factors of m?
2, 7, 13
Suppose -5*u + u = 20. List the prime factors of ((-24)/u)/(8/120).
2, 3
Suppose -20206 = -45*c - 1621. List the prime factors of c.
7, 59
Suppose -62*p - j + 4610 = -58*p, -2304 = -2*p - j. What are the prime factors of p?
1153
Let s(d) = d**3 + 22*d**2 - 55*d - 73. List the prime factors of s(-24).
5, 19
Let z = 1155 + 1735. List the prime factors of z.
2, 5, 17
Let y be 3/1 - (3 - 0). Suppose 5*p = -y*p - 305. Let j = p + 85. List the prime factors of j.
2, 3
Suppose -20 = -2*u + 3*x, 0*u = -2*u - 5*x + 4. Let l be 670/8 - u/(-28). Suppose -7*y + 3*y + 2*p = -l, -5*y + 96 = 2*p. What are the prime factors of y?
2, 5
Let c = -106 - -201. Suppose -s + 2*h = -33, -3*s + 7*h = 3*h - c. What are the prime factors of s?
29
Let o(t) be the first derivative of t**2 - 9*t - 1. Suppose f + 5*m = 6, 0 = -4*f + 11*m - 9*m + 24. List the prime factors of o(f).
3
Let s(k) = -3*k**2 + 4*k**2 -